 of 21888306?
1
What is the hundred thousands digit of 6397169?
3
What is the hundreds digit of 3638089?
0
What is the hundred thousands digit of 8851000?
8
What is the millions digit of 17996760?
7
What is the hundred thousands digit of 146954?
1
What is the tens digit of 386417?
1
What is the hundreds digit of 2437130?
1
What is the hundred thousands digit of 2886077?
8
What is the units digit of 793086?
6
What is the ten thousands digit of 193686?
9
What is the units digit of 1416758?
8
What is the thousands digit of 778173?
8
What is the thousands digit of 654671?
4
What is the thousands digit of 152012?
2
What is the units digit of 286709?
9
What is the tens digit of 2804907?
0
What is the units digit of 947298?
8
What is the millions digit of 7124930?
7
What is the units digit of 127289?
9
What is the ten thousands digit of 1363607?
6
What is the units digit of 6950921?
1
What is the ten thousands digit of 490624?
9
What is the ten thousands digit of 630133?
3
What is the thousands digit of 6190134?
0
What is the ten thousands digit of 11030796?
3
What is the hundreds digit of 119527?
5
What is the units digit of 283192?
2
What is the units digit of 576180?
0
What is the hundred thousands digit of 568858?
5
What is the units digit of 4230986?
6
What is the ten millions digit of 11097650?
1
What is the units digit of 856899?
9
What is the tens digit of 616967?
6
What is the hundred thousands digit of 174610?
1
What is the thousands digit of 336465?
6
What is the units digit of 1650983?
3
What is the ten thousands digit of 2985358?
8
What is the millions digit of 2927832?
2
What is the units digit of 22323?
3
What is the units digit of 6395?
5
What is the units digit of 3114460?
0
What is the units digit of 42933?
3
What is the tens digit of 1068733?
3
What is the hundreds digit of 45312?
3
What is the ten thousands digit of 217058?
1
What is the hundred thousands digit of 331219?
3
What is the ten thousands digit of 882942?
8
What is the hundred thousands digit of 3118456?
1
What is the units digit of 279932?
2
What is the hundred thousands digit of 237700?
2
What is the ten thousands digit of 176789?
7
What is the tens digit of 7452759?
5
What is the hundreds digit of 19615990?
9
What is the tens digit of 2166443?
4
What is the tens digit of 760501?
0
What is the tens digit of 511145?
4
What is the hundred thousands digit of 719924?
7
What is the hundred thousands digit of 596547?
5
What is the thousands digit of 62351?
2
What is the thousands digit of 15295832?
5
What is the units digit of 19653057?
7
What is the ten thousands digit of 590152?
9
What is the tens digit of 1211546?
4
What is the hundreds digit of 649237?
2
What is the hundreds digit of 1766224?
2
What is the tens digit of 3118440?
4
What is the tens digit of 1523522?
2
What is the millions digit of 2618782?
2
What is the thousands digit of 326399?
6
What is the millions digit of 1572887?
1
What is the ten thousands digit of 459879?
5
What is the ten thousands digit of 678669?
7
What is the hundred thousands digit of 709088?
7
What is the tens digit of 40244?
4
What is the hundreds digit of 3766755?
7
What is the ten thousands digit of 24355396?
5
What is the hundred thousands digit of 7836296?
8
What is the tens digit of 53838?
3
What is the thousands digit of 385647?
5
What is the millions digit of 2344854?
2
What is the millions digit of 14007105?
4
What is the thousands digit of 2833626?
3
What is the tens digit of 926800?
0
What is the ten thousands digit of 149515?
4
What is the units digit of 12569604?
4
What is the tens digit of 986752?
5
What is the units digit of 1184421?
1
What is the units digit of 11563746?
6
What is the thousands digit of 763652?
3
What is the hundreds digit of 1090213?
2
What is the ten thousands digit of 4267713?
6
What is the ten thousands digit of 12329975?
2
What is the units digit of 146370?
0
What is the hundred thousands digit of 1602409?
6
What is the thousands digit of 987553?
7
What is the units digit of 2360055?
5
What is the units digit of 572543?
3
What is the hundreds digit of 506208?
2
What is the units digit of 20154072?
2
What is the hundred thousands digit of 1054184?
0
What is the units digit of 82195?
5
What is the hundred thousands digit of 164866?
1
What is the thousands digit of 978365?
8
What is the ten thousands digit of 27769018?
6
What is the tens digit of 3875725?
2
What is the units digit of 97945?
5
What is the tens digit of 4895200?
0
What is the hundred thousands digit of 2615121?
6
What is the hundred thousands digit of 34161482?
1
What is the units digit of 3848876?
6
What is the hundred thousands digit of 3018306?
0
What is the thousands digit of 734115?
4
What is the hundred thousands digit of 8461733?
4
What is the thousands digit of 808612?
8
What is the units digit of 415276?
6
What is the hundreds digit of 802109?
1
What is the ten thousands digit of 1538728?
3
What is the hundreds digit of 16105?
1
What is the tens digit of 442765?
6
What is the tens digit of 2927440?
4
What is the hundreds digit of 1076129?
1
What is the units digit of 3165267?
7
What is the thousands digit of 18704657?
4
What is the hundreds digit of 49556?
5
What is the hundreds digit of 94653?
6
What is the thousands digit of 11469789?
9
What is the hundred thousands digit of 665087?
6
What is the ten millions digit of 25066152?
2
What is the hundreds digit of 261252?
2
What is the ten millions digit of 11997173?
1
What is the hundreds digit of 188890?
8
What is the tens digit of 3651152?
5
What is the tens digit of 224281?
8
What is the tens digit of 586823?
2
What is the thousands digit of 31731330?
1
What is the units digit of 352609?
9
What is the hundred thousands digit of 956329?
9
What is the ten thousands digit of 10798889?
9
What is the ten thousands digit of 533520?
3
What is the hundred thousands digit of 14009005?
0
What is the ten millions digit of 20470066?
2
What is the ten thousands digit of 1097556?
9
What is the tens digit of 7664077?
7
What is the tens digit of 4463656?
5
What is the millions digit of 1042535?
1
What is the hundred thousands digit of 146591?
1
What is the hundred thousands digit of 892215?
8
What is the millions digit of 6697712?
6
What is the ten thousands digit of 311732?
1
What is the tens digit of 3630839?
3
What is the thousands digit of 17134984?
4
What is the ten thousands digit of 3635964?
3
What is the hundred thousands digit of 4576603?
5
What is the units digit of 184819?
9
What is the tens digit of 29046188?
8
What is the units digit of 211877?
7
What is the hundreds digit of 5416931?
9
What is the millions digit of 9422892?
9
What is the ten thousands digit of 197837?
9
What is the tens digit of 21625?
2
What is the units digit of 769472?
2
What is the tens digit of 16994874?
7
What is the units digit of 429055?
5
What is the units digit of 12168772?
2
What is the hundreds digit of 220113?
1
What is the tens digit of 722551?
5
What is the tens digit of 182343?
4
What is the hundreds digit of 83079?
0
What is the thousands digit of 20297900?
7
What is the units digit of 216305?
5
What is the ten thousands digit of 2997370?
9
What is the hundred thousands digit of 2246502?
2
What is the hundreds digit of 396339?
3
What is the hundred thousands digit of 2317004?
3
What is the ten thousands digit of 849771?
4
What is the millions digit of 1619892?
1
What is the hundred thousands digit of 254378?
2
What is the ten thousands digit of 1369330?
6
What is the hundred thousands digit of 5117010?
1
What is the hundred thousands digit of 5534728?
5
What is the tens digit of 433725?
2
What is the thousands digit of 2063358?
3
What is the hundreds digit of 15765035?
0
What is the units digit of 2647542?
2
What is the hundreds digit of 1038928?
9
What is the ten thousands digit of 178429?
7
What is the units digit of 3560846?
6
What is the thousands digit of 16401722?
1
What is the ten thousands digit of 3612659?
1
What is the millions digit of 7811973?
7
What is the hundred thousands digit of 350365?
3
What is the thousands digit of 2118398?
8
What is the millions digit of 1244183?
1
What is the hundreds digit of 163342?
3
What is the hundred thousands digit of 857811?
8
What is the thousand